List the prime factors of 363273.
3, 17, 419
What are the prime factors of 330831?
3, 12253
What are the prime factors of 1571988?
2, 3, 11, 11909
List the prime factors of 332164.
2, 7, 11863
What are the prime factors of 9904255?
5, 131, 15121
List the prime factors of 13849820.
2, 5, 29, 23879
What are the prime factors of 78828?
2, 3, 6569
List the prime factors of 11646227.
11646227
List the prime factors of 711113.
13, 19, 2879
What are the prime factors of 1866857?
1866857
List the prime factors of 9612191.
17, 743, 761
List the prime factors of 1083965.
5, 431, 503
List the prime factors of 619877.
179, 3463
What are the prime factors of 1457716?
2, 13, 17, 97
What are the prime factors of 814026?
2, 3, 135671
What are the prime factors of 42334359?
3, 14111453
What are the prime factors of 150130?
2, 5, 15013
List the prime factors of 6812284.
2, 1703071
What are the prime factors of 1047014?
2, 19, 59, 467
List the prime factors of 27854379.
3, 7, 67, 6599
What are the prime factors of 1484078?
2, 241, 3079
List the prime factors of 4552958.
2, 211, 10789
List the prime factors of 1365569.
271, 5039
List the prime factors of 12429320.
2, 5, 310733
List the prime factors of 196479.
3, 19, 383
What are the prime factors of 1514245?
5, 43, 7043
List the prime factors of 800061.
3, 266687
List the prime factors of 949013.
13, 37, 1973
List the prime factors of 40130.
2, 5, 4013
What are the prime factors of 117281?
117281
List the prime factors of 50010.
2, 3, 5, 1667
List the prime factors of 3504680.
2, 5, 41, 2137
What are the prime factors of 118893?
3, 39631
What are the prime factors of 94004?
2, 71, 331
List the prime factors of 270053.
7, 173, 223
What are the prime factors of 2029630?
2, 5, 17, 11939
List the prime factors of 1714201.
223, 7687
List the prime factors of 938886.
2, 3, 13, 12037
What are the prime factors of 964818?
2, 3, 17, 1051
What are the prime factors of 3787?
7, 541
What are the prime factors of 18398948?
2, 4599737
List the prime factors of 17736.
2, 3, 739
List the prime factors of 1913953.
547, 3499
What are the prime factors of 10845701?
181, 59921
What are the prime factors of 496242?
2, 3, 19, 1451
What are the prime factors of 17020?
2, 5, 23, 37
What are the prime factors of 2266923?
3, 157, 4813
List the prime factors of 776534.
2, 11, 47, 751
What are the prime factors of 17665168?
2, 223, 4951
What are the prime factors of 17162?
2, 8581
What are the prime factors of 120120?
2, 3, 5, 7, 11, 13
What are the prime factors of 204814?
2, 102407
What are the prime factors of 23580572?
2, 5895143
What are the prime factors of 3062043?
3, 12601
What are the prime factors of 2928457?
7, 418351
List the prime factors of 365314.
2, 182657
What are the prime factors of 546523?
546523
List the prime factors of 1221970.
2, 5, 89, 1373
List the prime factors of 1372172.
2, 17, 1187
List the prime factors of 5838224.
2, 7, 52127
What are the prime factors of 4983831?
3, 553759
What are the prime factors of 3541195?
5, 7, 23, 53, 83
List the prime factors of 81032.
2, 7, 1447
List the prime factors of 155141.
7, 37, 599
What are the prime factors of 937303?
419, 2237
List the prime factors of 406151.
179, 2269
What are the prime factors of 7932343?
263, 30161
List the prime factors of 321851.
321851
List the prime factors of 6068894.
2, 13, 233419
List the prime factors of 239678.
2, 119839
List the prime factors of 7581615.
3, 5, 29, 601
List the prime factors of 6290728.
2, 43, 18287
List the prime factors of 3763499.
131, 28729
What are the prime factors of 1306878?
2, 3, 139, 1567
List the prime factors of 3221828.
2, 293, 2749
List the prime factors of 184202.
2, 31, 2971
List the prime factors of 1107672.
2, 3, 46153
What are the prime factors of 11476088?
2, 13, 17, 6491
List the prime factors of 267197.
7, 19, 41
List the prime factors of 43581.
3, 73, 199
What are the prime factors of 451122?
2, 3, 7, 23, 467
List the prime factors of 10840801.
67, 239, 677
List the prime factors of 219639.
3, 7, 10459
List the prime factors of 4207254.
2, 3, 701209
List the prime factors of 317073.
3, 105691
List the prime factors of 193525.
5, 7741
What are the prime factors of 49635?
3, 5, 1103
List the prime factors of 2156776.
2, 269597
What are the prime factors of 7581171?
3, 13, 19, 787
What are the prime factors of 1118751?
3, 372917
What are the prime factors of 8852696?
2, 53, 20879
List the prime factors of 1992915.
3, 5, 67, 661
List the prime factors of 759055.
5, 11, 37, 373
List the prime factors of 161926.
2, 80963
What are the prime factors of 76204?
2, 19051
List the prime factors of 583989.
3, 7, 27809
What are the prime factors of 3020112?
2, 3, 6991
List the prime factors of 4273650.
2, 3, 5, 9497
List the prime factors of 3259198.
2, 1629599
What are the prime factors of 333880?
2, 5, 17, 491
List the prime factors of 635571.
3, 70619
What are the prime factors of 39609225?
3, 5, 176041
List the prime factors of 1498577.
1498577
What are the prime factors of 487473?
3, 7, 139, 167
What are the prime factors of 69748?
2, 7, 47, 53
List the prime factors of 396649.
11, 107, 337
List the prime factors of 104605.
5, 20921
List the prime factors of 5130442.
2, 2565221
List the prime factors of 265994.
2, 179, 743
List the prime factors of 307527.
3, 11, 9319
What are the prime factors of 12727?
11, 13, 89
List the prime factors of 195188.
2, 7, 6971
List the prime factors of 502162.
2, 251081
What are the prime factors of 3395711?
11, 308701
What are the prime factors of 4727742?
2, 3, 23, 34259
List the prime factors of 3380677.
1171, 2887
What are the prime factors of 49794?
2, 3, 43, 193
List the prime factors of 274432.
2, 67
What are the prime factors of 318552?
2, 3, 13, 1021
What are the prime factors of 284815?
5, 56963
List the prime factors of 13365333.
3, 1485037
What are the prime factors of 1017175?
5, 23, 29, 61
List the prime factors of 267382.
2, 133691
List the prime factors of 428828.
2, 47, 2281
What are the prime factors of 1042826?
2, 607, 859
What are the prime factors of 16104409?
47, 342647
List the prime factors of 2689562.
2, 1344781
What are the prime factors of 639494?
2, 319747
What are the prime factors of 5286627?
3, 65267
List the prime factors of 9789555.
3, 5, 89, 7333
List the prime factors of 98277.
3, 17, 41, 47
What are the prime factors of 10986991?
983, 11177
List the prime factors of 1961897.
7, 31, 9041
List the prime factors of 3240944.
2, 7, 19, 1523
What are the prime factors of 560975?
5, 19, 1181
What are the prime factors of 27517039?
11, 23, 61, 1783
List the prime factors of 485573.
11, 4013
List the prime factors of 594711.
3, 13, 17, 23
List the prime factors of 24205795.
5, 149, 32491
What are the prime factors of 3646600?
2, 5, 18233
What are the prime factors of 388006?
2, 194003
List the prime factors of 942473.
7, 134639
List the prime factors of 8826824.
2, 1103353
What are the prime factors of 2330577?
3, 127, 2039
What are the prime factors of 386729?
7, 101, 547
What are the prime factors of 3527681?
41, 139, 619
List the prime factors of 15718106.
2, 7859053
What are the prime factors of 15336528?
2, 3, 319511
List the prime factors of 144570.
2, 3, 5, 61, 79
List the prime factors of 127237.
11, 43, 269
List the prime factors of 5335230.
2, 3, 5, 177841
What are the prime factors of 254051?
7, 36293
What are the prime factors of 35158514?
2, 17579257
What are the prime factors of 32516023?
32516023
List the prime factors of 633203.
331, 1913
List the prime factors of 3981470.
2, 5, 61, 107
List the prime factors of 18482888.
2, 67, 34483
List the prime factors of 929443.
109, 8527
List the prime factors of 2773477.
7, 31, 12781
List the prime factors of 245900.
2, 5, 2459
What are the prime factors of 19642675?
5, 13, 19, 3181
What are the prime factors of 343316?
2, 85829
List the prime factors of 22985.
5, 4597
List the prime factors of 393449.
7, 56207
What are the prime factors of 2133029?
2133029
What are the prime factors of 3215219?
7, 459317
What are the prime factors of 6166807?
683, 9029
List the prime factors of 310732.
2, 131, 593
List the prime factors of 335959.
13, 43, 601
What are the prime factors of 1746533?
1746533
W